{"id":29058,"date":"2022-01-27T14:59:54","date_gmt":"2022-01-27T13:59:54","guid":{"rendered":"https:\/\/ffepa-fkzv.ch\/?page_id=29058"},"modified":"2022-01-27T15:16:47","modified_gmt":"2022-01-27T14:16:47","slug":"bulle-2022","status":"publish","type":"page","link":"https:\/\/ffepa-fkzv.ch\/de\/bulle-2022\/","title":{"rendered":"Bulle 2022"},"content":{"rendered":"<p>L&rsquo;exposition cantonale fribourgeoise \u00e0 Bulle fut un tr\u00e8s grand succ\u00e8s. Vous trouverez le catalogue en ligne en cliquant sur <a href=\"http:\/\/ffepa-fkzv.ch\/wp-content\/uploads\/2022\/01\/SAG_2022_catalogue_base_14.pdf\" data-type=\"URL\" data-id=\"http:\/\/ffepa-fkzv.ch\/wp-content\/uploads\/2022\/01\/SAG_2022_catalogue_base_14.pdf\" target=\"_blank\" rel=\"noreferrer noopener\">dieser Link klicken. <\/a><\/p>\n\n\n\n<div class=\"wp-block-media-text alignwide is-stacked-on-mobile\"><figure class=\"wp-block-media-text__media\"><a href=\"http:\/\/ffepa-fkzv.ch\/wp-content\/uploads\/2022\/01\/SAG_2022_catalogue_base_14.pdf\"><img loading=\"lazy\" decoding=\"async\" width=\"780\" height=\"916\" src=\"http:\/\/ffepa-fkzv.ch\/wp-content\/uploads\/2022\/01\/Capture-de\u0301cran-2022-01-27-a\u0300-15.14.02.png\" alt=\"\" class=\"wp-image-29067 size-full\" srcset=\"https:\/\/ffepa-fkzv.ch\/wp-content\/uploads\/2022\/01\/Capture-de\u0301cran-2022-01-27-a\u0300-15.14.02.png 780w, https:\/\/ffepa-fkzv.ch\/wp-content\/uploads\/2022\/01\/Capture-de\u0301cran-2022-01-27-a\u0300-15.14.02-255x300.png 255w, https:\/\/ffepa-fkzv.ch\/wp-content\/uploads\/2022\/01\/Capture-de\u0301cran-2022-01-27-a\u0300-15.14.02-768x902.png 768w, https:\/\/ffepa-fkzv.ch\/wp-content\/uploads\/2022\/01\/Capture-de\u0301cran-2022-01-27-a\u0300-15.14.02-480x564.png 480w\" sizes=\"auto, (max-width: 780px) 100vw, 780px\" \/><\/a><\/figure><div class=\"wp-block-media-text__content\">\n<p class=\"has-large-font-size\"><\/p>\n<\/div><\/div>\n\n\n\n<div class=\"wp-block-group\"><div class=\"wp-block-group__inner-container is-layout-flow wp-block-group-is-layout-flow\"><\/div><\/div>\n\n\n\n<p><\/p>","protected":false},"excerpt":{"rendered":"<p>L&rsquo;exposition cantonale fribourgeoise \u00e0 Bulle fut un tr\u00e8s grand succ\u00e8s. Vous trouverez le catalogue en ligne en cliquant sur ce lien.<\/p>","protected":false},"author":1,"featured_media":0,"parent":0,"menu_order":0,"comment_status":"closed","ping_status":"closed","template":"","meta":{"_et_pb_use_builder":"off","_et_pb_old_content":"","_et_gb_content_width":"","footnotes":""},"class_list":["post-29058","page","type-page","status-publish","hentry"],"_links":{"self":[{"href":"https:\/\/ffepa-fkzv.ch\/de\/wp-json\/wp\/v2\/pages\/29058","targetHints":{"allow":["GET"]}}],"collection":[{"href":"https:\/\/ffepa-fkzv.ch\/de\/wp-json\/wp\/v2\/pages"}],"about":[{"href":"https:\/\/ffepa-fkzv.ch\/de\/wp-json\/wp\/v2\/types\/page"}],"author":[{"embeddable":true,"href":"https:\/\/ffepa-fkzv.ch\/de\/wp-json\/wp\/v2\/users\/1"}],"replies":[{"embeddable":true,"href":"https:\/\/ffepa-fkzv.ch\/de\/wp-json\/wp\/v2\/comments?post=29058"}],"version-history":[{"count":4,"href":"https:\/\/ffepa-fkzv.ch\/de\/wp-json\/wp\/v2\/pages\/29058\/revisions"}],"predecessor-version":[{"id":29069,"href":"https:\/\/ffepa-fkzv.ch\/de\/wp-json\/wp\/v2\/pages\/29058\/revisions\/29069"}],"wp:attachment":[{"href":"https:\/\/ffepa-fkzv.ch\/de\/wp-json\/wp\/v2\/media?parent=29058"}],"curies":[{"name":"wp","href":"https:\/\/api.w.org\/{rel}","templated":true}]}}

<p>L&rsquo;exposition cantonale fribourgeoise à Bulle fut un très grand succès. Vous trouverez le catalogue en ligne en cliquant sur <a href="http://ffepa-fkzv.ch/wp-content/uploads/2022/01/SAG_2022_catalogue_base_14.pdf" data-type="URL" data-id="http://ffepa-fkzv.ch/wp-content/uploads/2022/01/SAG_2022_catalogue_base_14.pdf" target="_blank" rel="noreferrer noopener">dieser Link klicken. </a></p>



<div class="wp-block-media-text alignwide is-stacked-on-mobile"><figure class="wp-block-media-text__media"><a href="http://ffepa-fkzv.ch/wp-content/uploads/2022/01/SAG_2022_catalogue_base_14.pdf"><img loading="lazy" decoding="async" width="780" height="916" src="http://ffepa-fkzv.ch/wp-content/uploads/2022/01/Capture-décran-2022-01-27-à-15.14.02.png" alt="" class="wp-image-29067 size-full" srcset="https://ffepa-fkzv.ch/wp-content/uploads/2022/01/Capture-décran-2022-01-27-à-15.14.02.png 780w, https://ffepa-fkzv.ch/wp-content/uploads/2022/01/Capture-décran-2022-01-27-à-15.14.02-255x300.png 255w, https://ffepa-fkzv.ch/wp-content/uploads/2022/01/Capture-décran-2022-01-27-à-15.14.02-768x902.png 768w, https://ffepa-fkzv.ch/wp-content/uploads/2022/01/Capture-décran-2022-01-27-à-15.14.02-480x564.png 480w" sizes="auto, (max-width: 780px) 100vw, 780px" /></a></figure><div class="wp-block-media-text__content">
<p class="has-large-font-size"></p>
</div></div>



<div class="wp-block-group"><div class="wp-block-group__inner-container is-layout-flow wp-block-group-is-layout-flow"></div></div>



<p></p>

<p>L&rsquo;exposition cantonale fribourgeoise à Bulle fut un très grand succès. Vous trouverez le catalogue en ligne en cliquant sur ce lien.</p>
